{"id":434,"date":"2026-08-25T18:31:52","date_gmt":"2026-08-25T21:31:52","guid":{"rendered":"http:\/\/mac.fcaglp.unlp.edu.ar\/?page_id=434"},"modified":"2026-08-25T18:42:14","modified_gmt":"2026-08-25T21:42:14","slug":"quienes-somos","status":"publish","type":"page","link":"http:\/\/mac.fcaglp.unlp.edu.ar\/index.php\/quienes-somos\/","title":{"rendered":"Qui\u00e9nes somos"},"content":{"rendered":"<h3 class=\"p1\" style=\"text-align: justify;\">El <span style=\"color: #00ccff;\">Grupo IDEAs Argentina<\/span> est\u00e1 integrado por docentes, investigadores, tesistas y estudiantes interesados en analizar, comprender y transformar los procesos educativos desde una perspectiva cr\u00edtica, colaborativa e interdisciplinaria.<\/h3>\n<h3 class=\"p1\" style=\"text-align: justify;\">Nuestro prop\u00f3sito es promover la investigaci\u00f3n en educaci\u00f3n, fortalecer la producci\u00f3n acad\u00e9mica y generar espacios de intercambio con otras instituciones, equipos de trabajo y comunidades educativas.<\/h3>\n<h3 class=\"p1\" style=\"text-align: justify;\">Desarrollamos nuestras actividades en torno a diversas l\u00edneas de trabajo vinculadas con la ense\u00f1anza, el aprendizaje, la formaci\u00f3n docente, la did\u00e1ctica y otros temas relevantes para el campo. A partir de estas l\u00edneas, impulsamos proyectos, publicaciones, capacitaciones y actividades de difusi\u00f3n acad\u00e9mica.<\/h3>\n<h3 class=\"p1\" style=\"text-align: justify;\">El grupo busca, adem\u00e1s, articular la investigaci\u00f3n con la pr\u00e1ctica educativa, favoreciendo la circulaci\u00f3n de conocimientos y la construcci\u00f3n de propuestas que aporten a la mejora de los procesos formativos.<\/h3>\n","protected":false},"excerpt":{"rendered":"<p>El Grupo IDEAs Argentina est\u00e1 integrado por docentes, investigadores, tesistas y estudiantes interesados en analizar, comprender y transformar los procesos educativos desde una perspectiva cr\u00edtica, colaborativa e interdisciplinaria. Nuestro prop\u00f3sito es promover la investigaci\u00f3n en educaci\u00f3n, fortalecer la producci\u00f3n acad\u00e9mica y generar espacios de intercambio con otras instituciones, equipos de trabajo y comunidades educativas. Desarrollamos &hellip; <\/p>\n<p class=\"link-more\"><a href=\"http:\/\/mac.fcaglp.unlp.edu.ar\/index.php\/quienes-somos\/\" class=\"more-link\">Read more<span class=\"screen-reader-text\"> &#8220;Qui\u00e9nes somos&#8221;<\/span><\/a><\/p>\n","protected":false},"author":2,"featured_media":0,"parent":0,"menu_order":0,"comment_status":"closed","ping_status":"closed","template":"","meta":{"footnotes":""},"class_list":["post-434","page","type-page","status-publish","hentry"],"_links":{"self":[{"href":"http:\/\/mac.fcaglp.unlp.edu.ar\/index.php\/wp-json\/wp\/v2\/pages\/434","targetHints":{"allow":["GET"]}}],"collection":[{"href":"http:\/\/mac.fcaglp.unlp.edu.ar\/index.php\/wp-json\/wp\/v2\/pages"}],"about":[{"href":"http:\/\/mac.fcaglp.unlp.edu.ar\/index.php\/wp-json\/wp\/v2\/types\/page"}],"author":[{"embeddable":true,"href":"http:\/\/mac.fcaglp.unlp.edu.ar\/index.php\/wp-json\/wp\/v2\/users\/2"}],"replies":[{"embeddable":true,"href":"http:\/\/mac.fcaglp.unlp.edu.ar\/index.php\/wp-json\/wp\/v2\/comments?post=434"}],"version-history":[{"count":3,"href":"http:\/\/mac.fcaglp.unlp.edu.ar\/index.php\/wp-json\/wp\/v2\/pages\/434\/revisions"}],"predecessor-version":[{"id":459,"href":"http:\/\/mac.fcaglp.unlp.edu.ar\/index.php\/wp-json\/wp\/v2\/pages\/434\/revisions\/459"}],"wp:attachment":[{"href":"http:\/\/mac.fcaglp.unlp.edu.ar\/index.php\/wp-json\/wp\/v2\/media?parent=434"}],"curies":[{"name":"wp","href":"https:\/\/api.w.org\/{rel}","templated":true}]}}

Quiénes somos

<h3 class="p1" style="text-align: justify;">El <span style="color: #00ccff;">Grupo IDEAs Argentina</span> está integrado por docentes, investigadores, tesistas y estudiantes interesados en analizar, comprender y transformar los procesos educativos desde una perspectiva crítica, colaborativa e interdisciplinaria.</h3>
<h3 class="p1" style="text-align: justify;">Nuestro propósito es promover la investigación en educación, fortalecer la producción académica y generar espacios de intercambio con otras instituciones, equipos de trabajo y comunidades educativas.</h3>
<h3 class="p1" style="text-align: justify;">Desarrollamos nuestras actividades en torno a diversas líneas de trabajo vinculadas con la enseñanza, el aprendizaje, la formación docente, la didáctica y otros temas relevantes para el campo. A partir de estas líneas, impulsamos proyectos, publicaciones, capacitaciones y actividades de difusión académica.</h3>
<h3 class="p1" style="text-align: justify;">El grupo busca, además, articular la investigación con la práctica educativa, favoreciendo la circulación de conocimientos y la construcción de propuestas que aporten a la mejora de los procesos formativos.</h3>

<p>El Grupo IDEAs Argentina está integrado por docentes, investigadores, tesistas y estudiantes interesados en analizar, comprender y transformar los procesos educativos desde una perspectiva crítica, colaborativa e interdisciplinaria. Nuestro propósito es promover la investigación en educación, fortalecer la producción académica y generar espacios de intercambio con otras instituciones, equipos de trabajo y comunidades educativas. Desarrollamos &hellip; </p>
<p class="link-more"><a href="http://mac.fcaglp.unlp.edu.ar/index.php/quienes-somos/" class="more-link">Read more<span class="screen-reader-text"> &#8220;Quiénes somos&#8221;</span></a></p>
