{"id":30,"date":"2024-05-06T19:40:54","date_gmt":"2024-05-06T22:40:54","guid":{"rendered":"http:\/\/mac.fcaglp.unlp.edu.ar\/?page_id=30"},"modified":"2026-08-09T20:14:51","modified_gmt":"2026-08-09T23:14:51","slug":"extension","status":"publish","type":"page","link":"http:\/\/mac.fcaglp.unlp.edu.ar\/index.php\/extension\/","title":{"rendered":"EXTENSI\u00d3N"},"content":{"rendered":"\n<p class=\"wp-block-paragraph\">Proyectos:<\/p>\n\n\n\n<p class=\"wp-block-paragraph\"><strong><em><a href=\"http:\/\/mac.fcaglp.unlp.edu.ar\/wp-content\/uploads\/2025\/06\/ProyectoExtensionFCAG_2025-3.pdf\" target=\"_blank\" rel=\"noreferrer noopener\">Astronom\u00eda inclusiva:<\/a><\/em> <em>Escuelas primarias Patios Abiertos y escuelas con alumnos hipoac\u00fasicos<\/em>, 2025.<\/strong><\/p>\n\n\n\n<p class=\"wp-block-paragraph\"><a href=\"http:\/\/mac.fcaglp.unlp.edu.ar\/wp-content\/uploads\/2026\/08\/AnexoIII_MACorti.pdf\" target=\"_blank\" rel=\"noreferrer noopener nofollow\"><strong><em>Astronom\u00eda inclusiva:<\/em><\/strong><\/a> <strong>Escuelas primarias rurales y escuelas con alumnos con discapacidad auditiva, 2024.<\/strong><\/p>\n\n\n\n<p class=\"wp-block-paragraph\"><a href=\"http:\/\/mac.fcaglp.unlp.edu.ar\/wp-content\/uploads\/2026\/08\/Formulario__Proyecto__de__Extension-VFF.pdf\" data-type=\"link\" data-id=\"http:\/\/mac.fcaglp.unlp.edu.ar\/wp-content\/uploads\/2026\/08\/Formulario__Proyecto__de__Extension-VFF.pdf\" target=\"_blank\" rel=\"noreferrer noopener nofollow\"><em><strong>Encuentros Astron\u00f3micos<\/strong><\/em><\/a>: <strong>Vecina Galaxia, 2023 &#8211; 2025.<\/strong><\/p>\n\n\n\n<p class=\"wp-block-paragraph\"><a href=\"http:\/\/mac.fcaglp.unlp.edu.ar\/wp-content\/uploads\/2026\/08\/A2_Proyecto_FCAG2019A.pdf\" data-type=\"link\" data-id=\"http:\/\/mac.fcaglp.unlp.edu.ar\/wp-content\/uploads\/2026\/08\/A2_Proyecto_FCAG2019A.pdf\" target=\"_blank\" rel=\"noreferrer noopener nofollow\"><strong><em>Eclipse total de Sol en el sur de la provincia de Santa Fe<\/em><\/strong><\/a>,<strong> 2019.<\/strong><\/p>\n\n\n\n<p class=\"wp-block-paragraph\"><a href=\"http:\/\/mac.fcaglp.unlp.edu.ar\/wp-content\/uploads\/2026\/08\/ProyectoBioextensionUNLP.pdf\" data-type=\"link\" data-id=\"http:\/\/mac.fcaglp.unlp.edu.ar\/wp-content\/uploads\/2026\/08\/ProyectoBioextensionUNLP.pdf\" target=\"_blank\" rel=\"noreferrer noopener nofollow\"><em><strong>Bioextensi\u00f3n<\/strong><\/em><\/a><strong>: sembrando ciencia en la escuela, 2018 &#8211; 2019.<\/strong><\/p>\n\n\n\n<p class=\"wp-block-paragraph\">Trabajo en desarrollo:<\/p>\n\n\n\n<p class=\"wp-block-paragraph\"><a href=\"http:\/\/mac.fcaglp.unlp.edu.ar\/wp-content\/uploads\/2026\/08\/InformeReunionCostaAtlantica.pdf\" data-type=\"link\" data-id=\"http:\/\/mac.fcaglp.unlp.edu.ar\/wp-content\/uploads\/2026\/08\/InformeReunionCostaAtlantica.pdf\" target=\"_blank\" rel=\"noreferrer noopener nofollow\"><em><strong>Astr\u00f3nomos en las playas<\/strong><\/em><\/a> &#8211; <strong>Eclipse anular de Sol 2027, 2026 &#8211; 2027.<\/strong><\/p>\n","protected":false},"excerpt":{"rendered":"<p>Proyectos: Astronom\u00eda inclusiva: Escuelas primarias Patios Abiertos y escuelas con alumnos hipoac\u00fasicos, 2025. Astronom\u00eda inclusiva: Escuelas primarias rurales y escuelas con alumnos con discapacidad auditiva, 2024. Encuentros Astron\u00f3micos: Vecina Galaxia, 2023 &#8211; 2025. Eclipse total de Sol en el sur de la provincia de Santa Fe, 2019. Bioextensi\u00f3n: sembrando ciencia en la escuela, 2018 &#8211; &hellip; <\/p>\n<p class=\"link-more\"><a href=\"http:\/\/mac.fcaglp.unlp.edu.ar\/index.php\/extension\/\" class=\"more-link\">Read more<span class=\"screen-reader-text\"> &#8220;EXTENSI\u00d3N&#8221;<\/span><\/a><\/p>\n","protected":false},"author":2,"featured_media":0,"parent":0,"menu_order":0,"comment_status":"closed","ping_status":"closed","template":"","meta":{"footnotes":""},"class_list":["post-30","page","type-page","status-publish","hentry"],"_links":{"self":[{"href":"http:\/\/mac.fcaglp.unlp.edu.ar\/index.php\/wp-json\/wp\/v2\/pages\/30","targetHints":{"allow":["GET"]}}],"collection":[{"href":"http:\/\/mac.fcaglp.unlp.edu.ar\/index.php\/wp-json\/wp\/v2\/pages"}],"about":[{"href":"http:\/\/mac.fcaglp.unlp.edu.ar\/index.php\/wp-json\/wp\/v2\/types\/page"}],"author":[{"embeddable":true,"href":"http:\/\/mac.fcaglp.unlp.edu.ar\/index.php\/wp-json\/wp\/v2\/users\/2"}],"replies":[{"embeddable":true,"href":"http:\/\/mac.fcaglp.unlp.edu.ar\/index.php\/wp-json\/wp\/v2\/comments?post=30"}],"version-history":[{"count":10,"href":"http:\/\/mac.fcaglp.unlp.edu.ar\/index.php\/wp-json\/wp\/v2\/pages\/30\/revisions"}],"predecessor-version":[{"id":378,"href":"http:\/\/mac.fcaglp.unlp.edu.ar\/index.php\/wp-json\/wp\/v2\/pages\/30\/revisions\/378"}],"wp:attachment":[{"href":"http:\/\/mac.fcaglp.unlp.edu.ar\/index.php\/wp-json\/wp\/v2\/media?parent=30"}],"curies":[{"name":"wp","href":"https:\/\/api.w.org\/{rel}","templated":true}]}}

EXTENSIÓN

<p class="wp-block-paragraph">Proyectos:</p>



<p class="wp-block-paragraph"><strong><em><a href="http://mac.fcaglp.unlp.edu.ar/wp-content/uploads/2025/06/ProyectoExtensionFCAG_2025-3.pdf" target="_blank" rel="noreferrer noopener">Astronomía inclusiva:</a></em> <em>Escuelas primarias Patios Abiertos y escuelas con alumnos hipoacúsicos</em>, 2025.</strong></p>



<p class="wp-block-paragraph"><a href="http://mac.fcaglp.unlp.edu.ar/wp-content/uploads/2026/08/AnexoIII_MACorti.pdf" target="_blank" rel="noreferrer noopener nofollow"><strong><em>Astronomía inclusiva:</em></strong></a> <strong>Escuelas primarias rurales y escuelas con alumnos con discapacidad auditiva, 2024.</strong></p>



<p class="wp-block-paragraph"><a href="http://mac.fcaglp.unlp.edu.ar/wp-content/uploads/2026/08/Formulario__Proyecto__de__Extension-VFF.pdf" data-type="link" data-id="http://mac.fcaglp.unlp.edu.ar/wp-content/uploads/2026/08/Formulario__Proyecto__de__Extension-VFF.pdf" target="_blank" rel="noreferrer noopener nofollow"><em><strong>Encuentros Astronómicos</strong></em></a>: <strong>Vecina Galaxia, 2023 &#8211; 2025.</strong></p>



<p class="wp-block-paragraph"><a href="http://mac.fcaglp.unlp.edu.ar/wp-content/uploads/2026/08/A2_Proyecto_FCAG2019A.pdf" data-type="link" data-id="http://mac.fcaglp.unlp.edu.ar/wp-content/uploads/2026/08/A2_Proyecto_FCAG2019A.pdf" target="_blank" rel="noreferrer noopener nofollow"><strong><em>Eclipse total de Sol en el sur de la provincia de Santa Fe</em></strong></a>,<strong> 2019.</strong></p>



<p class="wp-block-paragraph"><a href="http://mac.fcaglp.unlp.edu.ar/wp-content/uploads/2026/08/ProyectoBioextensionUNLP.pdf" data-type="link" data-id="http://mac.fcaglp.unlp.edu.ar/wp-content/uploads/2026/08/ProyectoBioextensionUNLP.pdf" target="_blank" rel="noreferrer noopener nofollow"><em><strong>Bioextensión</strong></em></a><strong>: sembrando ciencia en la escuela, 2018 &#8211; 2019.</strong></p>



<p class="wp-block-paragraph">Trabajo en desarrollo:</p>



<p class="wp-block-paragraph"><a href="http://mac.fcaglp.unlp.edu.ar/wp-content/uploads/2026/08/InformeReunionCostaAtlantica.pdf" data-type="link" data-id="http://mac.fcaglp.unlp.edu.ar/wp-content/uploads/2026/08/InformeReunionCostaAtlantica.pdf" target="_blank" rel="noreferrer noopener nofollow"><em><strong>Astrónomos en las playas</strong></em></a> &#8211; <strong>Eclipse anular de Sol 2027, 2026 &#8211; 2027.</strong></p>

<p>Proyectos: Astronomía inclusiva: Escuelas primarias Patios Abiertos y escuelas con alumnos hipoacúsicos, 2025. Astronomía inclusiva: Escuelas primarias rurales y escuelas con alumnos con discapacidad auditiva, 2024. Encuentros Astronómicos: Vecina Galaxia, 2023 &#8211; 2025. Eclipse total de Sol en el sur de la provincia de Santa Fe, 2019. Bioextensión: sembrando ciencia en la escuela, 2018 &#8211; &hellip; </p>
<p class="link-more"><a href="http://mac.fcaglp.unlp.edu.ar/index.php/extension/" class="more-link">Read more<span class="screen-reader-text"> &#8220;EXTENSIÓN&#8221;</span></a></p>
