{"id":10,"date":"2024-05-06T19:32:10","date_gmt":"2024-05-06T22:32:10","guid":{"rendered":"http:\/\/mac.fcaglp.unlp.edu.ar\/?page_id=10"},"modified":"2026-08-25T19:45:27","modified_gmt":"2026-08-25T22:45:27","slug":"homepage","status":"publish","type":"page","link":"http:\/\/mac.fcaglp.unlp.edu.ar\/","title":{"rendered":"Homepage"},"content":{"rendered":"\n<div class=\"wp-block-cover alignfull\" style=\"min-height:588px;aspect-ratio:unset;\"><img loading=\"lazy\" decoding=\"async\" width=\"500\" height=\"282\" class=\"wp-block-cover__image-background wp-image-46\" alt=\"\" src=\"http:\/\/mac.fcaglp.unlp.edu.ar\/wp-content\/uploads\/2024\/09\/n6M.gif\" data-object-fit=\"cover\"\/><span aria-hidden=\"true\" class=\"wp-block-cover__background has-background-dim-20 has-background-dim\" style=\"background-color:#5d4b59\"><\/span><div class=\"wp-block-cover__inner-container has-global-padding is-layout-constrained wp-block-cover-is-layout-constrained\">\n<p class=\"has-text-align-center has-white-color has-text-color has-max-60-font-size wp-block-paragraph\" style=\"font-style:normal;font-weight:900;line-height:1.2\"><strong>Grupo EsFEra<\/strong><\/p>\n\n\n\n<p class=\"has-text-align-center has-white-color has-text-color has-medium-font-size wp-block-paragraph\">Grupo de Estructruras de HI y Formaci\u00f3n Estelar Gal\u00e1ctica<\/p>\n<\/div><\/div>\n\n\n\n<div class=\"wp-block-group alignfull has-global-padding is-layout-constrained wp-block-group-is-layout-constrained\">\n<div class=\"wp-block-group has-global-padding is-layout-constrained wp-block-group-is-layout-constrained\" style=\"padding-top:var(--wp--preset--spacing--small);padding-bottom:var(--wp--preset--spacing--small)\">\n<div style=\"height:30px\" aria-hidden=\"true\" class=\"wp-block-spacer\"><\/div>\n\n\n\n<div class=\"wp-block-columns is-layout-flex wp-container-core-columns-is-layout-596ee089 wp-block-columns-is-layout-flex\">\n<div class=\"wp-block-column is-vertically-aligned-center is-layout-flow wp-block-column-is-layout-flow\">\n<p class=\"wp-block-paragraph\">Este grupo de trabajo est\u00e1 integrado por investigadores especializados en distintas \u00e1reas de Astronom\u00eda.<\/p>\n\n\n\n<p class=\"wp-block-paragraph\">El estudio de las estructuras de HI y las regiones de HII presentes en la V\u00eda L\u00e1ctea mediante el an\u00e1lisis de datos obtenidos en longitudes de onda de Radio e IR, es uno de los campos de investigaci\u00f3n de EsFEra. La formaci\u00f3n estelar que se genera en nuestra galaxia estudiada con datos IR para el an\u00e1lisis de los c\u00famulos inmersos en las nubes moleculares y con datos en las bandas B, V y R para conocer la fotometr\u00eda y astrometr\u00eda de los c\u00famulos estelares abiertos, junto a modelos te\u00f3ricos desarrollados para ello, son los otros campos de investigaci\u00f3n de EsFEra.<\/p>\n\n\n\n<div class=\"wp-block-buttons is-horizontal is-content-justification-left is-layout-flex wp-container-core-buttons-is-layout-3177425e wp-block-buttons-is-layout-flex\">\n<div class=\"wp-block-button\"><a class=\"wp-block-button__link wp-element-button\">Continuo de radio de una regi\u00f3n HII con formaci\u00f3n estelar gal\u00e1ctica estudiada con IR.<\/a><\/div>\n<\/div>\n\n\n\n<p class=\"wp-block-paragraph\">Publicado en Corti M. et al. 2023, A&amp;A 674, A55.<\/p>\n<\/div>\n\n\n\n<div class=\"wp-block-column is-layout-flow wp-block-column-is-layout-flow\">\n<figure class=\"wp-block-gallery has-nested-images columns-default is-cropped wp-block-gallery-1 is-layout-flex wp-block-gallery-is-layout-flex\">\n<figure class=\"wp-block-image size-large\"><img loading=\"lazy\" decoding=\"async\" width=\"936\" height=\"720\" data-id=\"202\" src=\"http:\/\/mac.fcaglp.unlp.edu.ar\/wp-content\/uploads\/2024\/12\/dbs_89_90_91_chart3.png\" alt=\"\" class=\"wp-image-202\" srcset=\"http:\/\/mac.fcaglp.unlp.edu.ar\/wp-content\/uploads\/2024\/12\/dbs_89_90_91_chart3.png 936w, http:\/\/mac.fcaglp.unlp.edu.ar\/wp-content\/uploads\/2024\/12\/dbs_89_90_91_chart3-300x231.png 300w\" sizes=\"auto, (max-width: 936px) 100vw, 936px\" \/><\/figure>\n<\/figure>\n<\/div>\n<\/div>\n\n\n\n<div style=\"height:30px\" aria-hidden=\"true\" class=\"wp-block-spacer\"><\/div>\n<\/div>\n<\/div>\n\n\n\n<div class=\"wp-block-group alignfull has-background has-global-padding is-layout-constrained wp-block-group-is-layout-constrained\" style=\"background-color:#f8f8f8\">\n<div class=\"wp-block-group has-global-padding is-layout-constrained wp-block-group-is-layout-constrained\" style=\"padding-top:var(--wp--preset--spacing--small);padding-bottom:var(--wp--preset--spacing--small)\">\n<figure class=\"wp-block-gallery has-nested-images columns-default is-cropped wp-block-gallery-2 is-layout-flex wp-block-gallery-is-layout-flex\">\n<figure class=\"wp-block-image size-large\"><img loading=\"lazy\" decoding=\"async\" width=\"1024\" height=\"529\" data-id=\"357\" src=\"http:\/\/mac.fcaglp.unlp.edu.ar\/wp-content\/uploads\/2026\/08\/Esf3FINPRU_B-1024x529.jpg\" alt=\"\" class=\"wp-image-357\" srcset=\"http:\/\/mac.fcaglp.unlp.edu.ar\/wp-content\/uploads\/2026\/08\/Esf3FINPRU_B-1024x529.jpg 1024w, http:\/\/mac.fcaglp.unlp.edu.ar\/wp-content\/uploads\/2026\/08\/Esf3FINPRU_B-300x155.jpg 300w, http:\/\/mac.fcaglp.unlp.edu.ar\/wp-content\/uploads\/2026\/08\/Esf3FINPRU_B-2000x1033.jpg 2000w\" sizes=\"auto, (max-width: 1024px) 100vw, 1024px\" \/><\/figure>\n<\/figure>\n<\/div>\n<\/div>\n\n\n\n<div id=\"team\" class=\"wp-block-group has-global-padding is-layout-constrained wp-block-group-is-layout-constrained\">\n<div class=\"wp-block-group is-layout-flow wp-block-group-is-layout-flow\">\n<p class=\"wp-block-paragraph\">An\u00e1lisis multiespectral del c\u00famulo abierto Esfera 3. Publicado en Corti M. et al. 2026, A&amp;A 712, A18. <\/p>\n\n\n\n<div style=\"height:27px\" aria-hidden=\"true\" class=\"wp-block-spacer\"><\/div>\n\n\n\n<div style=\"height:0px\" aria-hidden=\"true\" class=\"wp-block-spacer\"><\/div>\n\n\n\n<div class=\"wp-block-columns is-layout-flex wp-container-core-columns-is-layout-0e47273b wp-block-columns-is-layout-flex\">\n<div class=\"wp-block-column is-style-default is-layout-flow wp-block-column-is-layout-flow\" style=\"border-style:none;border-width:0px;padding-top:0;padding-right:0;padding-bottom:0;padding-left:0\"><\/div>\n<\/div>\n\n\n\n<div style=\"height:81px\" aria-hidden=\"true\" class=\"wp-block-spacer\"><\/div>\n<\/div>\n<\/div>\n\n\n\n<div class=\"wp-block-cover alignfull has-parallax is-position-center-center\" style=\"border-radius:0px\"><div class=\"wp-block-cover__image-background wp-image-55 has-parallax\" style=\"background-position:50% 50%;background-image:url(http:\/\/mac.fcaglp.unlp.edu.ar\/wp-content\/uploads\/2024\/09\/via.jpg)\"><\/div><span aria-hidden=\"true\" class=\"wp-block-cover__background has-black-background-color has-background-dim-40 has-background-dim\"><\/span><div class=\"wp-block-cover__inner-container is-layout-flow wp-block-cover-is-layout-flow\">\n<div class=\"wp-block-group has-global-padding is-layout-constrained wp-block-group-is-layout-constrained\">\n<h3 class=\"wp-block-heading has-text-align-center has-text-color has-medium-font-size\" style=\"color:#fffffa;text-transform:uppercase\"><\/h3>\n\n\n\n<div style=\"height:31px\" aria-hidden=\"true\" class=\"wp-block-spacer\"><\/div>\n\n\n\n<div class=\"wp-block-buttons is-horizontal is-content-justification-center is-layout-flex wp-container-core-buttons-is-layout-a9e21a43 wp-block-buttons-is-layout-flex\">\n<div class=\"wp-block-button is-style-outline is-style-outline--3\"><a class=\"wp-block-button__link has-white-color has-text-color wp-element-button\" href=\"#\" style=\"border-radius:0px\">mariela@fcaglp.unlp.edu.ar<\/a><\/div>\n\n\n\n<div class=\"wp-block-button is-style-outline is-style-outline--4\"><a class=\"wp-block-button__link has-white-color has-text-color wp-element-button\" style=\"border-radius:0px\">https:\/\/mac.fcaglp.unlp.edu.ar<\/a><\/div>\n<\/div>\n<\/div>\n<\/div><\/div>\n\n\n\n<p class=\"wp-block-paragraph\"><\/p>\n","protected":false},"excerpt":{"rendered":"<p>Este grupo de trabajo est\u00e1 integrado por investigadores especializados en distintas \u00e1reas de Astronom\u00eda. El estudio de las estructuras de HI y las regiones de HII presentes en la V\u00eda L\u00e1ctea mediante el an\u00e1lisis de datos obtenidos en longitudes de onda de Radio e IR, es uno de los campos de investigaci\u00f3n de EsFEra. La &hellip; <\/p>\n<p class=\"link-more\"><a href=\"http:\/\/mac.fcaglp.unlp.edu.ar\/\" class=\"more-link\">Read more<span class=\"screen-reader-text\"> &#8220;Homepage&#8221;<\/span><\/a><\/p>\n","protected":false},"author":2,"featured_media":0,"parent":0,"menu_order":0,"comment_status":"closed","ping_status":"closed","template":"page-templates\/homepage-no-hero.php","meta":{"footnotes":""},"class_list":["post-10","page","type-page","status-publish","hentry"],"_links":{"self":[{"href":"http:\/\/mac.fcaglp.unlp.edu.ar\/index.php\/wp-json\/wp\/v2\/pages\/10","targetHints":{"allow":["GET"]}}],"collection":[{"href":"http:\/\/mac.fcaglp.unlp.edu.ar\/index.php\/wp-json\/wp\/v2\/pages"}],"about":[{"href":"http:\/\/mac.fcaglp.unlp.edu.ar\/index.php\/wp-json\/wp\/v2\/types\/page"}],"author":[{"embeddable":true,"href":"http:\/\/mac.fcaglp.unlp.edu.ar\/index.php\/wp-json\/wp\/v2\/users\/2"}],"replies":[{"embeddable":true,"href":"http:\/\/mac.fcaglp.unlp.edu.ar\/index.php\/wp-json\/wp\/v2\/comments?post=10"}],"version-history":[{"count":30,"href":"http:\/\/mac.fcaglp.unlp.edu.ar\/index.php\/wp-json\/wp\/v2\/pages\/10\/revisions"}],"predecessor-version":[{"id":466,"href":"http:\/\/mac.fcaglp.unlp.edu.ar\/index.php\/wp-json\/wp\/v2\/pages\/10\/revisions\/466"}],"wp:attachment":[{"href":"http:\/\/mac.fcaglp.unlp.edu.ar\/index.php\/wp-json\/wp\/v2\/media?parent=10"}],"curies":[{"name":"wp","href":"https:\/\/api.w.org\/{rel}","templated":true}]}}

<div class="wp-block-cover alignfull" style="min-height:588px;aspect-ratio:unset;"><img loading="lazy" decoding="async" width="500" height="282" class="wp-block-cover__image-background wp-image-46" alt="" src="http://mac.fcaglp.unlp.edu.ar/wp-content/uploads/2024/09/n6M.gif" data-object-fit="cover"/><span aria-hidden="true" class="wp-block-cover__background has-background-dim-20 has-background-dim" style="background-color:#5d4b59"></span><div class="wp-block-cover__inner-container has-global-padding is-layout-constrained wp-block-cover-is-layout-constrained">
<p class="has-text-align-center has-white-color has-text-color has-max-60-font-size wp-block-paragraph" style="font-style:normal;font-weight:900;line-height:1.2"><strong>Grupo EsFEra</strong></p>



<p class="has-text-align-center has-white-color has-text-color has-medium-font-size wp-block-paragraph">Grupo de Estructruras de HI y Formación Estelar Galáctica</p>
</div></div>



<div class="wp-block-group alignfull has-global-padding is-layout-constrained wp-block-group-is-layout-constrained">
<div class="wp-block-group has-global-padding is-layout-constrained wp-block-group-is-layout-constrained" style="padding-top:var(--wp--preset--spacing--small);padding-bottom:var(--wp--preset--spacing--small)">
<div style="height:30px" aria-hidden="true" class="wp-block-spacer"></div>



<div class="wp-block-columns is-layout-flex wp-container-core-columns-is-layout-596ee089 wp-block-columns-is-layout-flex">
<div class="wp-block-column is-vertically-aligned-center is-layout-flow wp-block-column-is-layout-flow">
<p class="wp-block-paragraph">Este grupo de trabajo está integrado por investigadores especializados en distintas áreas de Astronomía.</p>



<p class="wp-block-paragraph">El estudio de las estructuras de HI y las regiones de HII presentes en la Vía Láctea mediante el análisis de datos obtenidos en longitudes de onda de Radio e IR, es uno de los campos de investigación de EsFEra. La formación estelar que se genera en nuestra galaxia estudiada con datos IR para el análisis de los cúmulos inmersos en las nubes moleculares y con datos en las bandas B, V y R para conocer la fotometría y astrometría de los cúmulos estelares abiertos, junto a modelos teóricos desarrollados para ello, son los otros campos de investigación de EsFEra.</p>



<div class="wp-block-buttons is-horizontal is-content-justification-left is-layout-flex wp-container-core-buttons-is-layout-3177425e wp-block-buttons-is-layout-flex">
<div class="wp-block-button"><a class="wp-block-button__link wp-element-button">Continuo de radio de una región HII con formación estelar galáctica estudiada con IR.</a></div>
</div>



<p class="wp-block-paragraph">Publicado en Corti M. et al. 2023, A&amp;A 674, A55.</p>
</div>



<div class="wp-block-column is-layout-flow wp-block-column-is-layout-flow">
<figure class="wp-block-gallery has-nested-images columns-default is-cropped wp-block-gallery-1 is-layout-flex wp-block-gallery-is-layout-flex">
<figure class="wp-block-image size-large"><img loading="lazy" decoding="async" width="936" height="720" data-id="202" src="http://mac.fcaglp.unlp.edu.ar/wp-content/uploads/2024/12/dbs_89_90_91_chart3.png" alt="" class="wp-image-202" srcset="http://mac.fcaglp.unlp.edu.ar/wp-content/uploads/2024/12/dbs_89_90_91_chart3.png 936w, http://mac.fcaglp.unlp.edu.ar/wp-content/uploads/2024/12/dbs_89_90_91_chart3-300x231.png 300w" sizes="auto, (max-width: 936px) 100vw, 936px" /></figure>
</figure>
</div>
</div>



<div style="height:30px" aria-hidden="true" class="wp-block-spacer"></div>
</div>
</div>



<div class="wp-block-group alignfull has-background has-global-padding is-layout-constrained wp-block-group-is-layout-constrained" style="background-color:#f8f8f8">
<div class="wp-block-group has-global-padding is-layout-constrained wp-block-group-is-layout-constrained" style="padding-top:var(--wp--preset--spacing--small);padding-bottom:var(--wp--preset--spacing--small)">
<figure class="wp-block-gallery has-nested-images columns-default is-cropped wp-block-gallery-2 is-layout-flex wp-block-gallery-is-layout-flex">
<figure class="wp-block-image size-large"><img loading="lazy" decoding="async" width="1024" height="529" data-id="357" src="http://mac.fcaglp.unlp.edu.ar/wp-content/uploads/2026/08/Esf3FINPRU_B-1024x529.jpg" alt="" class="wp-image-357" srcset="http://mac.fcaglp.unlp.edu.ar/wp-content/uploads/2026/08/Esf3FINPRU_B-1024x529.jpg 1024w, http://mac.fcaglp.unlp.edu.ar/wp-content/uploads/2026/08/Esf3FINPRU_B-300x155.jpg 300w, http://mac.fcaglp.unlp.edu.ar/wp-content/uploads/2026/08/Esf3FINPRU_B-2000x1033.jpg 2000w" sizes="auto, (max-width: 1024px) 100vw, 1024px" /></figure>
</figure>
</div>
</div>



<div id="team" class="wp-block-group has-global-padding is-layout-constrained wp-block-group-is-layout-constrained">
<div class="wp-block-group is-layout-flow wp-block-group-is-layout-flow">
<p class="wp-block-paragraph">Análisis multiespectral del cúmulo abierto Esfera 3. Publicado en Corti M. et al. 2026, A&amp;A 712, A18. </p>



<div style="height:27px" aria-hidden="true" class="wp-block-spacer"></div>



<div style="height:0px" aria-hidden="true" class="wp-block-spacer"></div>



<div class="wp-block-columns is-layout-flex wp-container-core-columns-is-layout-0e47273b wp-block-columns-is-layout-flex">
<div class="wp-block-column is-style-default is-layout-flow wp-block-column-is-layout-flow" style="border-style:none;border-width:0px;padding-top:0;padding-right:0;padding-bottom:0;padding-left:0"></div>
</div>



<div style="height:81px" aria-hidden="true" class="wp-block-spacer"></div>
</div>
</div>



<div class="wp-block-cover alignfull has-parallax is-position-center-center" style="border-radius:0px"><div class="wp-block-cover__image-background wp-image-55 has-parallax" style="background-position:50% 50%;background-image:url(http://mac.fcaglp.unlp.edu.ar/wp-content/uploads/2024/09/via.jpg)"></div><span aria-hidden="true" class="wp-block-cover__background has-black-background-color has-background-dim-40 has-background-dim"></span><div class="wp-block-cover__inner-container is-layout-flow wp-block-cover-is-layout-flow">
<div class="wp-block-group has-global-padding is-layout-constrained wp-block-group-is-layout-constrained">
<h3 class="wp-block-heading has-text-align-center has-text-color has-medium-font-size" style="color:#fffffa;text-transform:uppercase"></h3>



<div style="height:31px" aria-hidden="true" class="wp-block-spacer"></div>



<div class="wp-block-buttons is-horizontal is-content-justification-center is-layout-flex wp-container-core-buttons-is-layout-a9e21a43 wp-block-buttons-is-layout-flex">
<div class="wp-block-button is-style-outline is-style-outline--3"><a class="wp-block-button__link has-white-color has-text-color wp-element-button" href="#" style="border-radius:0px">mariela@fcaglp.unlp.edu.ar</a></div>



<div class="wp-block-button is-style-outline is-style-outline--4"><a class="wp-block-button__link has-white-color has-text-color wp-element-button" style="border-radius:0px">https://mac.fcaglp.unlp.edu.ar</a></div>
</div>
</div>
</div></div>



<p class="wp-block-paragraph"></p>

<p>Este grupo de trabajo está integrado por investigadores especializados en distintas áreas de Astronomía. El estudio de las estructuras de HI y las regiones de HII presentes en la Vía Láctea mediante el análisis de datos obtenidos en longitudes de onda de Radio e IR, es uno de los campos de investigación de EsFEra. La &hellip; </p>
<p class="link-more"><a href="http://mac.fcaglp.unlp.edu.ar/" class="more-link">Read more<span class="screen-reader-text"> &#8220;Homepage&#8221;</span></a></p>
